{"id":19,"date":"2025-05-20T03:13:59","date_gmt":"2025-05-20T03:13:59","guid":{"rendered":"http:\/\/thietbido.org\/?page_id=19"},"modified":"2025-05-20T03:16:08","modified_gmt":"2025-05-20T03:16:08","slug":"gio-hang","status":"publish","type":"page","link":"https:\/\/thietbido.org\/?page_id=19","title":{"rendered":"Gi\u1ecf h\u00e0ng"},"content":{"rendered":"<div data-block-name=\"woocommerce\/cart\" class=\"wp-block-woocommerce-cart alignwide is-loading\"><div data-block-name=\"woocommerce\/filled-cart-block\" class=\"wp-block-woocommerce-filled-cart-block\"><div data-block-name=\"woocommerce\/cart-items-block\" class=\"wp-block-woocommerce-cart-items-block\"><div data-block-name=\"woocommerce\/cart-line-items-block\" class=\"wp-block-woocommerce-cart-line-items-block\"><\/div>\n\n<div data-block-name=\"woocommerce\/cart-cross-sells-block\" class=\"wp-block-woocommerce-cart-cross-sells-block\"><h2 class=\"wp-block-heading has-large-font-size\">B\u1ea1n c\u00f3 th\u1ec3 quan t\u00e2m \u0111\u1ebfn\u2026<\/h2>\n\n<div data-block-name=\"woocommerce\/cart-cross-sells-products-block\" class=\"wp-block-woocommerce-cart-cross-sells-products-block\"><\/div><\/div><\/div>\n\n<div data-block-name=\"woocommerce\/cart-totals-block\" class=\"wp-block-woocommerce-cart-totals-block\"><div data-block-name=\"woocommerce\/cart-order-summary-block\" class=\"wp-block-woocommerce-cart-order-summary-block\"><div data-block-name=\"woocommerce\/cart-order-summary-heading-block\" class=\"wp-block-woocommerce-cart-order-summary-heading-block\"><\/div><div data-block-name=\"woocommerce\/cart-order-summary-coupon-form-block\" class=\"wp-block-woocommerce-cart-order-summary-coupon-form-block\"><\/div><div data-block-name=\"woocommerce\/cart-order-summary-totals-block\" class=\"wp-block-woocommerce-cart-order-summary-totals-block\">\n<div data-block-name=\"woocommerce\/cart-order-summary-subtotal-block\" class=\"wp-block-woocommerce-cart-order-summary-subtotal-block\"><\/div>\n<div data-block-name=\"woocommerce\/cart-order-summary-discount-block\" class=\"wp-block-woocommerce-cart-order-summary-discount-block\"><\/div>\n<div data-block-name=\"woocommerce\/cart-order-summary-fee-block\" class=\"wp-block-woocommerce-cart-order-summary-fee-block\"><\/div>\n<div data-block-name=\"woocommerce\/cart-order-summary-shipping-block\" class=\"wp-block-woocommerce-cart-order-summary-shipping-block\"><\/div>\n<div data-block-name=\"woocommerce\/cart-order-summary-taxes-block\" class=\"wp-block-woocommerce-cart-order-summary-taxes-block\"><\/div><\/div><\/div>\n\n<div data-block-name=\"woocommerce\/cart-express-payment-block\" class=\"wp-block-woocommerce-cart-express-payment-block\"><\/div>\n\n<div data-block-name=\"woocommerce\/proceed-to-checkout-block\" class=\"wp-block-woocommerce-proceed-to-checkout-block\"><\/div>\n\n<div data-block-name=\"woocommerce\/cart-accepted-payment-methods-block\" class=\"wp-block-woocommerce-cart-accepted-payment-methods-block\"><\/div><\/div><\/div>\n\n<div data-block-name=\"woocommerce\/empty-cart-block\" class=\"wp-block-woocommerce-empty-cart-block\"><h2 class=\"wp-block-heading has-text-align-center with-empty-cart-icon wc-block-cart__empty-cart__title\">Gi\u1ecf h\u00e0ng hi\u1ec7n t\u1ea1i ch\u01b0a c\u00f3 s\u1ea3n ph\u1ea9m n\u00e0o!<\/h2>\n\n<hr class=\"wp-block-separator has-alpha-channel-opacity is-style-dots\"\/>\n\n<h2 class=\"wp-block-heading has-text-align-center\">M\u1edbi trong c\u1eeda h\u00e0ng<\/h2>\n\n<div data-block-name=\"woocommerce\/product-new\" data-columns=\"4\" data-rows=\"1\" class=\"wc-block-grid wp-block-product-new wp-block-woocommerce-product-new wc-block-product-new has-4-columns\"><ul class=\"wc-block-grid__products\"><li class=\"wc-block-grid__product\">\n\t\t\t\t<a href=\"https:\/\/thietbido.org\/?product=may-do-toc-do-gio-luu-luong-gio-nhiet-do-smartsensor-ar866a\" class=\"wc-block-grid__product-link\">\n\t\t\t\t\t\n\t\t\t\t\t<div class=\"wc-block-grid__product-image\"><img loading=\"lazy\" decoding=\"async\" width=\"300\" height=\"300\" src=\"https:\/\/thietbido.org\/wp-content\/uploads\/2025\/06\/AR866A-300x300.jpg\" class=\"attachment-woocommerce_thumbnail size-woocommerce_thumbnail\" alt=\"smartsensor ar866a\" srcset=\"https:\/\/thietbido.org\/wp-content\/uploads\/2025\/06\/AR866A-300x300.jpg 300w, https:\/\/thietbido.org\/wp-content\/uploads\/2025\/06\/AR866A-150x150.jpg 150w, https:\/\/thietbido.org\/wp-content\/uploads\/2025\/06\/AR866A-768x768.jpg 768w, https:\/\/thietbido.org\/wp-content\/uploads\/2025\/06\/AR866A-600x600.jpg 600w, https:\/\/thietbido.org\/wp-content\/uploads\/2025\/06\/AR866A-100x100.jpg 100w, https:\/\/thietbido.org\/wp-content\/uploads\/2025\/06\/AR866A.jpg 800w\" sizes=\"auto, (max-width: 300px) 100vw, 300px\" \/><\/div>\n\t\t\t\t\t<div class=\"wc-block-grid__product-title\">M\u00e1y \u0111o t\u1ed1c \u0111\u1ed9 gi\u00f3, l\u01b0u l\u01b0\u1ee3ng gi\u00f3, nhi\u1ec7t \u0111\u1ed9 SMARTSENSOR AR866A<\/div>\n\t\t\t\t<\/a>\n\t\t\t\t<div class=\"wc-block-grid__product-price price\"><span class=\"woocommerce-Price-amount amount\">4.400.000&nbsp;<span class=\"woocommerce-Price-currencySymbol\">&#8363;<\/span><\/span> <small class=\"woocommerce-price-suffix\">(Gi\u00e1 \u0111\u00e3 bao g\u1ed3m thu\u1ebf VAT)<\/small><\/div>\n\t\t\t\t\n\t\t\t\t<div class=\"wp-block-button wc-block-grid__product-add-to-cart\"><a href=\"?add-to-cart=140\" aria-label=\"Th\u00eam v\u00e0o gi\u1ecf h\u00e0ng: &ldquo;M\u00e1y \u0111o t\u1ed1c \u0111\u1ed9 gi\u00f3, l\u01b0u l\u01b0\u1ee3ng gi\u00f3, nhi\u1ec7t \u0111\u1ed9 SMARTSENSOR AR866A&rdquo;\" data-quantity=\"1\" data-product_id=\"140\" data-product_sku=\"\" data-price=\"4400000\" rel=\"nofollow\" class=\"wp-block-button__link  add_to_cart_button ajax_add_to_cart\">Th\u00eam v\u00e0o gi\u1ecf h\u00e0ng<\/a><\/div>\n\t\t\t<\/li><li class=\"wc-block-grid__product\">\n\t\t\t\t<a href=\"https:\/\/thietbido.org\/?product=may-do-nhiet-do-hong-ngoai-fluke-59-max\" class=\"wc-block-grid__product-link\">\n\t\t\t\t\t\n\t\t\t\t\t<div class=\"wc-block-grid__product-image\"><img loading=\"lazy\" decoding=\"async\" width=\"300\" height=\"300\" src=\"https:\/\/thietbido.org\/wp-content\/uploads\/2025\/05\/fluke-59max-300x300.png\" class=\"attachment-woocommerce_thumbnail size-woocommerce_thumbnail\" alt=\"fluke 59max\" srcset=\"https:\/\/thietbido.org\/wp-content\/uploads\/2025\/05\/fluke-59max-300x300.png 300w, https:\/\/thietbido.org\/wp-content\/uploads\/2025\/05\/fluke-59max-150x150.png 150w, https:\/\/thietbido.org\/wp-content\/uploads\/2025\/05\/fluke-59max-100x100.png 100w, https:\/\/thietbido.org\/wp-content\/uploads\/2025\/05\/fluke-59max.png 410w\" sizes=\"auto, (max-width: 300px) 100vw, 300px\" \/><\/div>\n\t\t\t\t\t<div class=\"wc-block-grid__product-title\">M\u00e1y \u0111o nhi\u1ec7t \u0111\u1ed9 h\u1ed3ng ngo\u1ea1i Fluke 59 MAX<\/div>\n\t\t\t\t<\/a>\n\t\t\t\t<div class=\"wc-block-grid__product-price price\"><span class=\"woocommerce-Price-amount amount\">2.200.000&nbsp;<span class=\"woocommerce-Price-currencySymbol\">&#8363;<\/span><\/span> <small class=\"woocommerce-price-suffix\">(Gi\u00e1 \u0111\u00e3 bao g\u1ed3m thu\u1ebf VAT)<\/small><\/div>\n\t\t\t\t\n\t\t\t\t<div class=\"wp-block-button wc-block-grid__product-add-to-cart\"><a href=\"?add-to-cart=128\" aria-label=\"Th\u00eam v\u00e0o gi\u1ecf h\u00e0ng: &ldquo;M\u00e1y \u0111o nhi\u1ec7t \u0111\u1ed9 h\u1ed3ng ngo\u1ea1i Fluke 59 MAX&rdquo;\" data-quantity=\"1\" data-product_id=\"128\" data-product_sku=\"\" data-price=\"2200000\" rel=\"nofollow\" class=\"wp-block-button__link  add_to_cart_button ajax_add_to_cart\">Th\u00eam v\u00e0o gi\u1ecf h\u00e0ng<\/a><\/div>\n\t\t\t<\/li><li class=\"wc-block-grid__product\">\n\t\t\t\t<a href=\"https:\/\/thietbido.org\/?product=camera-chup-anh-nhiet-uni-t-uti260b\" class=\"wc-block-grid__product-link\">\n\t\t\t\t\t\n\t\t\t\t\t<div class=\"wc-block-grid__product-image\"><img loading=\"lazy\" decoding=\"async\" width=\"300\" height=\"300\" src=\"https:\/\/thietbido.org\/wp-content\/uploads\/2025\/05\/UTi260B-2-3-300x300.png\" class=\"attachment-woocommerce_thumbnail size-woocommerce_thumbnail\" alt=\"Camera ch\u1ee5p \u1ea3nh nhi\u1ec7t UNI-T UTi260B\" srcset=\"https:\/\/thietbido.org\/wp-content\/uploads\/2025\/05\/UTi260B-2-3-300x300.png 300w, https:\/\/thietbido.org\/wp-content\/uploads\/2025\/05\/UTi260B-2-3-150x150.png 150w, https:\/\/thietbido.org\/wp-content\/uploads\/2025\/05\/UTi260B-2-3-768x768.png 768w, https:\/\/thietbido.org\/wp-content\/uploads\/2025\/05\/UTi260B-2-3-600x600.png 600w, https:\/\/thietbido.org\/wp-content\/uploads\/2025\/05\/UTi260B-2-3-100x100.png 100w, https:\/\/thietbido.org\/wp-content\/uploads\/2025\/05\/UTi260B-2-3.png 800w\" sizes=\"auto, (max-width: 300px) 100vw, 300px\" \/><\/div>\n\t\t\t\t\t<div class=\"wc-block-grid__product-title\">Camera ch\u1ee5p \u1ea3nh nhi\u1ec7t UNI-T UTi260B<\/div>\n\t\t\t\t<\/a>\n\t\t\t\t<div class=\"wc-block-grid__product-price price\"><span class=\"woocommerce-Price-amount amount\">7.800.000&nbsp;<span class=\"woocommerce-Price-currencySymbol\">&#8363;<\/span><\/span> <small class=\"woocommerce-price-suffix\">(Gi\u00e1 \u0111\u00e3 bao g\u1ed3m thu\u1ebf VAT)<\/small><\/div>\n\t\t\t\t\n\t\t\t\t<div class=\"wp-block-button wc-block-grid__product-add-to-cart\"><a href=\"?add-to-cart=94\" aria-label=\"Th\u00eam v\u00e0o gi\u1ecf h\u00e0ng: &ldquo;Camera ch\u1ee5p \u1ea3nh nhi\u1ec7t UNI-T UTi260B&rdquo;\" data-quantity=\"1\" data-product_id=\"94\" data-product_sku=\"\" data-price=\"7800000\" rel=\"nofollow\" class=\"wp-block-button__link  add_to_cart_button ajax_add_to_cart\">Th\u00eam v\u00e0o gi\u1ecf h\u00e0ng<\/a><\/div>\n\t\t\t<\/li><\/ul><\/div><\/div><\/div>","protected":false},"excerpt":{"rendered":"","protected":false},"author":1,"featured_media":0,"parent":0,"menu_order":0,"comment_status":"closed","ping_status":"closed","template":"","meta":{"footnotes":""},"class_list":["post-19","page","type-page","status-publish","hentry"],"jetpack_sharing_enabled":true,"_links":{"self":[{"href":"https:\/\/thietbido.org\/index.php?rest_route=\/wp\/v2\/pages\/19","targetHints":{"allow":["GET"]}}],"collection":[{"href":"https:\/\/thietbido.org\/index.php?rest_route=\/wp\/v2\/pages"}],"about":[{"href":"https:\/\/thietbido.org\/index.php?rest_route=\/wp\/v2\/types\/page"}],"author":[{"embeddable":true,"href":"https:\/\/thietbido.org\/index.php?rest_route=\/wp\/v2\/users\/1"}],"replies":[{"embeddable":true,"href":"https:\/\/thietbido.org\/index.php?rest_route=%2Fwp%2Fv2%2Fcomments&post=19"}],"version-history":[{"count":1,"href":"https:\/\/thietbido.org\/index.php?rest_route=\/wp\/v2\/pages\/19\/revisions"}],"predecessor-version":[{"id":71,"href":"https:\/\/thietbido.org\/index.php?rest_route=\/wp\/v2\/pages\/19\/revisions\/71"}],"wp:attachment":[{"href":"https:\/\/thietbido.org\/index.php?rest_route=%2Fwp%2Fv2%2Fmedia&parent=19"}],"curies":[{"name":"wp","href":"https:\/\/api.w.org\/{rel}","templated":true}]}}